Suppose -4*j + j + 4*r + 24 = 0, 4*j = -3*r + 32. Let l(z) = 2*z - 4. Let f be l(3). Suppose 5*b - 168 = f*b. What is the highest common divisor of b and j?
8
Let x = -46 - -49. What is the highest common factor of 15 and x?
3
Suppose -2*y + 4*v + 115 = 3*y, 28 = 2*y + 2*v. Suppose 0 = -3*o + b + 62, -o - 5*b = -b + 1. Calculate the highest common factor of o and y.
19
Suppose 0 = -2*k + o - 3*o + 46, -4*k + o = -97. What is the highest common factor of 60 and k?
12
Let q(z) = 2*z**2 - 7*z. Let v be q(6). Let i be 0/(9/3 + -4). Suppose i*r - 8 = -x - 2*r, x = r + 5. Calculate the greatest common factor of x and v.
6
Suppose -5*o + n = -1555 + 117, 5*n - 10 = 0. Calculate the greatest common divisor of o and 32.
32
Let j(q) = -q**2 + 6*q - 2. Let h be j(6). Let v = 12 + -10. Let x be -6*(h/v)/1. What is the greatest common divisor of 12 and x?
6
Suppose 0*m - 39 = -m. Calculate the greatest common factor of 312 and m.
39
Let a = -5 + 17. Suppose -3*t = -189 + 45. What is the highest common divisor of t and a?
12
Suppose -8*z + 873 + 151 = 0. What is the highest common factor of 16 and z?
16
Let b(d) = -d**2 - 5*d + 10. Let i be b(-8). Let v be (0 - -5)*i/5. Let h be 2*v*(-24)/14. Calculate the greatest common factor of 12 and h.
12
Let h(k) = -8*k - 4. Suppose 3*a + 2 = -28. Let l be h(a). Calculate the highest common divisor of l and 19.
19
Let u = 188 + -76. Calculate the greatest common divisor of u and 32.
16
Let o = -3 + 6. Suppose -5*q + 18 = -o*q. What is the greatest common factor of q and 45?
9
Suppose -60 - 74 = -2*o. Suppose -2*m = 3*p - 56, 4*p - o = -m + 6*m. Calculate the greatest common factor of p and 36.
18
Let u be 3 - 2/2 - 1. Suppose 0*q + u = q. Let h be 19*(q + (-2)/(-2)). Calculate the greatest common divisor of h and 19.
19
Let m be 1 - (-247)/3 - 26/(-39). Calculate the greatest common divisor of m and 24.
12
Let x be (-1)/(-2)*(47 - 1). Suppose 5*p = 62 + x. Let v(t) = 5*t**2 + t + 6. Let s be v(5). Calculate the greatest common factor of p and s.
17
Let g(v) be the second derivative of -5*v**3/2 - v. Suppose 0 = -3*p - 4*u - 3 - 12, 3*p = u. Let k be g(p). What is the greatest common divisor of k and 3?
3
Suppose 2*m = 2 + 6. Let c be 59/4 - m/(-16). Let o = 1 + 2. Calculate the highest common divisor of o and c.
3
Suppose 4*i + 2*t = -614, -4*i - t = i + 769. Let b be i/(-28) + (-1)/2. What is the greatest common factor of 45 and b?
5
Suppose 0 = -2*s + 5*u + 23, 5*s + 2*u - 75 = -3*u. Calculate the greatest common divisor of 7 and s.
7
Suppose 113 = -5*q + 538. Calculate the highest common factor of q and 34.
17
Suppose -8 = -6*v + 4*v. Suppose 47 = v*p + 3. Suppose 0 = x - 2*x + p. Calculate the greatest common factor of x and 66.
11
Let n(c) = 3*c**3 + c. Let t be n(-1). Let p(y) = -y**3 - 3*y**2 - 2*y - 6. Let i be p(t). What is the highest common factor of 6 and i?
6
Suppose -5*d = -5*o + 55, 5*o - 2*d = -7*d + 15. Let s = 23 - o. What is the highest common divisor of s and 16?
16
Suppose 0 = -5*x + x + 12. Suppose -4*j - x*r + r + 36 = 0, 0 = -3*j + 2*r + 34. Calculate the highest common divisor of j and 20.
10
Suppose 6*s - 10*s + 48 = 0. Calculate the highest common factor of s and 84.
12
Suppose -3*s = 2*b - 38, 0 = -4*b + 4*s - 5*s + 66. Calculate the highest common factor of 2 and b.
2
Let y be 8*((-130)/(-4))/5. Let t be -2*1/2*-13. Calculate the greatest common factor of y and t.
13
Let q = 98 + -89. Calculate the highest common divisor of 27 and q.
9
Suppose -4*v = a - 45, 0 = -a - 2*v + 39. Let c be -3*a/2*-2. Let t = 4 + 7. Calculate the highest common divisor of t and c.
11
Let g = -25 - -27. Suppose g*z - 40 = 4. What is the greatest common factor of z and 44?
22
Suppose 0 = -3*u - 5*m + 5, m + 45 = 2*u + 2*u. Suppose 2*g = -3*g + 1200. Suppose -2*r - g = -5*r. Calculate the greatest common divisor of u and r.
10
Suppose 10*j = 11*j - 72. Let t be (-2)/(-3)*(74 - 2). Calculate the highest common factor of j and t.
24
Let g be 6/(-1)*(1 + 1). Let u = 20 + g. What is the highest common factor of u and 4?
4
Let g = 29 + -35. Let p be (-5*10)/(g/3). Calculate the greatest common divisor of p and 25.
25
Let a(b) = 2*b + 3. Let w be a(6). Let v be ((-4)/(-10))/(2/20). Suppose v*c = 3*f - 376, -f + 103 = -4*c - 33. What is the greatest common factor of f and w?
15
Let h = 23 + -14. Suppose 2*m + h = -3*t - 4, -5*t + 59 = -4*m. Let w = 20 + m. Calculate the highest common factor of w and 27.
9
Let h be 3/(-6)*(-140)/2. Let i = 50 - h. Suppose 30 = -22*l + 25*l. What is the greatest common divisor of i and l?
5
Let i(u) = u - 7. Let r be i(9). Calculate the greatest common factor of 14 and r.
2
Suppose -3*f - 68 - 46 = -3*j, -2*j + 73 = -5*f. Let i = -147 + 160. What is the highest common factor of i and j?
13
Suppose i = 4*x - 502, -4*x - 2*i + 4*i + 504 = 0. What is the greatest common divisor of x and 25?
25
Suppose 2*o - 3*o - 334 = 0. Let g = o + 478. Suppose 0 = 4*i - 0*i - 72. Calculate the highest common factor of g and i.
18
Let j be (12/(-3))/4*-8. What is the highest common factor of j and 64?
8
Let j = 435 - 259. Calculate the highest common factor of j and 16.
16
Let a(i) = -5*i + 2. Suppose 0 = -5*w - 11 - 4. Let l be a(w). Calculate the greatest common divisor of l and 85.
17
Suppose 0 = h + 29 - 53. What is the greatest common factor of h and 264?
24
Let o be 6/(-21) + (-128)/(-7). Suppose -2*u = -0*u + o. Let z = u - -19. What is the highest common divisor of z and 15?
5
Suppose -5*v = -4*v. Let b be 2 - (v - -1) - -4. What is the highest common divisor of 5 and b?
5
Suppose -2*h + 195 = -183. What is the highest common factor of h and 21?
21
Let f be (-8)/((-2)/16 - 0). Let v(i) = i**2 + 8. Let u be v(0). What is the highest common factor of f and u?
8
Let x(l) = 13*l - 19. Let h be x(3). Calculate the greatest common factor of h and 220.
20
Suppose -3*v = -2*k - 18, -v + 2*v + 27 = -3*k. Suppose -20 = -c - 5*r, -c - 4*r + r + 14 = 0. Let m = c - k. What is the greatest common factor of m and 126?
14
Suppose 8*d - 5 - 27 = 0. What is the highest common divisor of d and 4?
4
Let l(z) = 6 - 3*z + z**2 - 2 - 3. Let t be l(4). Suppose 4*f + 37 = t*p, 7 = 2*p - f - 9. Calculate the highest common divisor of p and 27.
9
Suppose -64 - 32 = -d. What is the highest common factor of d and 36?
12
Suppose 0*j = -j + 11. Suppose 0 = 5*x - j + 1. Suppose 66 = 2*r + x. Calculate the highest common factor of 4 and r.
4
Let t = -285 - -350. Suppose -4*v - v + 3*w + 80 = 0, 4*w - 6 = -2*v. What is the greatest common factor of v and t?
13
Let q = -30 - -54. Let v(p) = 6*p**2 + p - 1. Suppose -g + 2 = 1. Let x be v(g). Calculate the greatest common divisor of q and x.
6
Suppose 0 = 5*a - 4*a - 15. Let s = a + -8. What is the greatest common divisor of s and 14?
7
Let c = -1 - -5. Suppose o - 90 = -c*o. What is the highest common factor of 45 and o?
9
Suppose -8*j + 15*j - 56 = 0. Calculate the highest common divisor of 136 and j.
8
Let w = 42 - 66. Let d be 0 + w*(-2)/3. What is the greatest common factor of d and 16?
16
Let h = -43 + 52. What is the greatest common factor of h and 36?
9
Let n(g) = g**3 + 6*g**2 + 4*g + 2. Let k be n(-5). Let p(f) = f**2 + f. Let q be p(k). What is the highest common divisor of q and 14?
14
Suppose k = -k + 34. Suppose 2*i - 51 = -i. What is the highest common divisor of k and i?
17
Let h = 39 - 27. Calculate the highest common divisor of 84 and h.
12
Let l be (-2 - 0) + (3 - 2). Let r be l + 0 + 167 - 2. Suppose g - 36 = -2*u, 5*g - g + 3*u = r. What is the greatest common factor of g and 11?
11
Suppose z = 3*z - 3*d + 7, -3*d = -3*z - 3. Suppose 0*y = z*k + y - 317, -3*k = 3*y - 249. Let h = 118 - k. Calculate the highest common factor of 8 and h.
8
Let h be (9/4)/(1/4). What is the greatest common factor of h and 9?
9
Let x be (-150)/(-2 - 3) + 5. Calculate the highest common factor of 14 and x.
7
Suppose 4*h = 3*k - 38, -58 = -2*k - h - 18. What is the highest common factor of k and 90?
18
Let p(d) = d**2 - 3*d - 10. Let m be p(8). Suppose 3*t + 40 = 2*k, -k - 2*t + 5*t = -20. Calculate the highest common divisor of m and k.
10
Let y(v) = v + 9. Let j be y(0). What is the greatest common factor of 72 and j?
9
Suppose 1 = -2*u + 11. Suppose u*g + 10 = 0, 0*g - g = -5*